-50)/15)*6. Let c = 9 + a. Let t be v(c). Calculate the greatest common factor of 96 and t.
12
Suppose 22904 = 25*s + 8729. Calculate the highest common factor of s and 1377.
81
Let h = -921 - -930. Suppose -3*d - d + 32 = 0. Let u be -1 - (d/(-1) - 2). What is the highest common factor of u and h?
9
Let r(c) = c**3 - 5*c**2 + 4*c + 1. Let o = -32 - -28. Let s be 4 + o - -3 - -2. Let b be r(s). What is the highest common divisor of 189 and b?
21
Let y(r) = -r**2 + 21*r - 8. Let u be y(17). Let c(o) = o**3 - 3*o + 24. Let x be c(0). Calculate the highest common divisor of u and x.
12
Let l = -74 - -220. Suppose 0 = -2*y - 4*x + 96, -5*y + l = -2*y + 4*x. What is the highest common factor of y and 850?
50
Let v be 40/((-6960)/(-81983)) - (1 - (-5)/(-6)). Calculate the greatest common factor of 5024 and v.
157
Suppose 0 = 482*g - 492*g - 90. Let h(n) = -46*n + 215. Let d be h(g). What is the highest common factor of 37 and d?
37
Let v = -4527 + 5341. What is the greatest common divisor of v and 286?
22
Suppose 0 = 3*v - m + 9, 0 = -v - 6*m + 3*m - 3. Suppose -100 = -4*t - 20. Let g be 95*((-56)/t - v). What is the highest common factor of g and 95?
19
Let x(f) = 35*f - 4*f - 34 - 2044*f**2 + f**3 + 0*f + 2063*f**2. Let y be x(-17). Calculate the greatest common factor of 17 and y.
17
Let d(p) = -7*p + 77. Let a be d(10). Suppose 109 = 4*m - 355. Suppose 0 = -3*k + 31 + m. What is the greatest common divisor of k and a?
7
Let p(i) = -i**2 + 11*i - 17. Let b be p(9). Let n be -3 + 2/(b + -2). Let y be n/3*(-24 + -3). Calculate the highest common divisor of y and 9.
9
Let m be (-88)/(-20)*(38/4 + -7). Calculate the greatest common factor of m and 286.
11
Let y be (-2 - -6)/(12/9). Suppose y*l + 13 = 19. What is the greatest common divisor of 14 and l?
2
Suppose -3*n - 129 = 4*l, -4*n - 4*l - 87 = 85. Let p = -36 - n. Calculate the highest common divisor of p and 77.
7
Let q be (-6*993/30)/((-24)/280). Calculate the highest common factor of 7 and q.
7
Let a(f) = 101*f**2 - 63*f + 352. Let z be a(6). Calculate the highest common divisor of 76 and z.
38
Let y(h) = -96*h + 1446. Let b be y(15). Calculate the highest common factor of 1473 and b.
3
Let w(x) = -x**3 + 2*x**2 + 2*x + 761. Let u be w(0). Let n = u - 725. What is the highest common factor of 324 and n?
36
Suppose 3*y - 363 = 5*w - 256, 5*w + 131 = 4*y. Calculate the highest common divisor of 192 and y.
24
Let u = -89304 + 89314. Let r(x) = -x**3 + 2*x**2 + 2. Let a be r(-2). Calculate the highest common divisor of a and u.
2
Let q = 65 - 60. Suppose 3*s - 37 = -q*l, -3*s = s - 3*l - 1. Let h be (s - 21/2)/(1/(-22)). Calculate the greatest common factor of 11 and h.
11
Let r be (0 + 3)/(3/(-14)). Let c be (-3)/((1 - -1)/r). Suppose -t + b + 42 = -2, -5*t + 200 = 5*b. What is the greatest common factor of t and c?
21
Let f(p) = -390*p + 1252. Let z be f(-7). Calculate the greatest common factor of z and 33.
11
Suppose 2*h + 78 = -g, 0*g = -h - 5*g - 30. Let u(i) = -5*i. Let p be u(2). Let v be h/p*(0 - -4). Calculate the highest common divisor of v and 16.
16
Let b(l) = -18*l + 132. Let o be b(8). Let z be ((-112)/(-6))/(o*10/(-180)). What is the greatest common divisor of z and 28?
28
Let u(w) = 3*w + 55. Let a be u(88). What is the greatest common factor of 232 and a?
29
Suppose 0 = 2*a - 5*n - 495, 4*n - 213 - 495 = -3*a. Suppose -18*i = -6*i - a. Calculate the greatest common divisor of 180 and i.
20
Let i be (-22)/(-55) + 2/(-5) + 15. Let j be (-988)/(-15) - (-2)/i. Suppose 3*f - 54 = j. What is the greatest common divisor of 16 and f?
8
Let r(x) = x**3 - 4*x**2 - 3*x + 13. Let c be r(6). Suppose -c*p = -65*p - 198. Suppose -6 = -7*y + 57. Calculate the highest common divisor of y and p.
9
Let g = -5752 + 8157. Suppose f - 6*f = -g. Let n = f - 306. What is the greatest common factor of n and 35?
35
Let n(h) = -9*h - 54. Let x be n(-9). Suppose -35*a = -2*t - 38*a + x, -2*a = -2*t + 52. What is the greatest common factor of t and 35?
7
Let k = -183 - 35. Let r = 42 - k. Calculate the greatest common factor of 26 and r.
26
Let j be 7/(-1*(-3)/66). Let d(q) = -q**3 - 30*q**2 - 190*q - 7. Let n be d(-21). Calculate the highest common divisor of j and n.
14
Let s = 116 + -30. Suppose 6*i = 4 + s. Suppose 0 = 13*p - i*p + 144. What is the highest common factor of p and 24?
24
Let w be ((-2)/(-5))/(4/60) - 3. Suppose i + 3*l - 11 = 0, -2*i - 2*l = w*i - 120. Calculate the highest common factor of 39 and i.
13
Let o(j) = -2*j + 2. Let h be o(-2). Let t = 65349 - 65163. Calculate the highest common factor of h and t.
6
Let n(y) = -y**3 - 25*y**2 + 30. Suppose -363 = 14*q - 13. Let c be n(q). Calculate the greatest common divisor of 15 and c.
15
Let p be -2 + (3/3 - 17). Let t be (-3560)/p - (-6)/27. Suppose -2*b + 5*k = -26, 4*k - 24 = -b + k. Calculate the greatest common divisor of b and t.
18
Let s = 1835 + -3288. Let o = -823 - s. What is the highest common divisor of 9 and o?
9
Let s = -198 - -209. Suppose -s*l + 14*l = 588. Calculate the highest common factor of 28 and l.
28
Suppose 4*y - 1828 = -2*b, -4*y - 224 = -240. Calculate the greatest common factor of 39 and b.
3
Suppose 73*l = 64*l + 153. Suppose w = l*w - 576. Calculate the greatest common factor of w and 468.
36
Let w = 27041 - 26579. Calculate the highest common divisor of 1890 and w.
42
Suppose -32*o = -33*o - 9, 5*o - 273179 = -28*n. What is the greatest common factor of 170 and n?
34
Suppose -3*h + 120 = -2*h. Let o be 132/(-30) - (-2 + (-13)/(-5)). Let x = o + 20. Calculate the highest common divisor of x and h.
15
Let k = -501 - -503. Suppose 0 = k*g - 4*n - 6, 5*g + 14 = 2*n + 37. Calculate the highest common divisor of 35 and g.
5
Let o(n) = -40*n + 76. Let u be o(13). Let s = -204 - u. Calculate the highest common divisor of 30 and s.
30
Let n be 56200/160 - (-2)/(-8). What is the highest common divisor of n and 81?
27
Let f = 9794 + -3757. Suppose -g - 1678 = -y, 4*g - f = -4*y + 691. Suppose -5*j = 9*j - y. Calculate the greatest common divisor of 15 and j.
15
Let z be 63/(-14) + 6 - 321/(-2). Let t = -138 + z. What is the greatest common factor of t and 18?
6
Suppose -5*j + k + 93 = 0, -4*j + 5*k - 17 = -83. Let u(i) = -75*i - 70. Let m be u(-4). Let p = -192 + m. Calculate the highest common factor of p and j.
19
Suppose 154 = 4*w + 10. Let l = -201 - -106. Let y be (-19)/l - ((-188)/10 - -1). Calculate the greatest common factor of y and w.
18
Let p be ((-3348)/155 + 21)*(-576 - -1). Calculate the greatest common factor of p and 15.
15
Suppose -9*l + 60 = -13*l. Let c = 8 - l. Let k = 29 - c. Calculate the highest common divisor of 96 and k.
6
Let h be 5/15 - 1/3*-47. Suppose 0 = -i, -h = 4*b + 3*i - 192. What is the greatest common divisor of b and 198?
22
Let p = 468 + -260. Suppose 2*v - 3*v = 3*n - 34, -3*n + 38 = -v. Let o be (-9)/n + (-642)/(-24). What is the greatest common factor of o and p?
26
Let a = -4752 + 7153. What is the highest common factor of a and 21?
7
Let w be (((-3)/12)/(1/(-4)) - 31)*-1. What is the greatest common divisor of w and 235?
5
Suppose 2*n + 4*u - 454 = 6*u, -u - 454 = -2*n. Let f = -210 + n. Calculate the greatest common factor of f and 2.
1
Suppose 4*r + 24*s - 982 = 21*s, -4*r + 4*s + 968 = 0. What is the highest common divisor of 1403 and r?
61
Let z = 5186 - 3305. What is the greatest common divisor of z and 66?
33
Let l = -3001 - -6091. Calculate the highest common divisor of l and 30.
30
Suppose -3*o - 10 - 9 = -y, -o + 11 = 4*y. Let m be o - (-10 + 6) - -281. Calculate the greatest common factor of 8 and m.
8
Suppose 8*i - 9*i - 18 = 0. Let n be 64/(-10)*45/i. Let q(l) = -3*l**2 + 13*l - 6. Let t be q(2). Calculate the highest common factor of t and n.
8
Suppose -138*k = g - 143*k - 1868, 5548 = 3*g - k. What is the highest common divisor of 21 and g?
21
Let g be (932/(-44))/(-1) - 12/66. Suppose 3*m - 551 = 4*r, m + 3*r - 201 = -0*m. What is the greatest common divisor of g and m?
21
Let n = 106 + -101. Suppose 12*z - 13*z = -5*y - 246, n*z + y - 1334 = 0. Calculate the highest common factor of z and 14.
14
Let v(l) = l**2 + 20*l + 16. Let x be v(-19). Let h(o) = -39*o + 11. Let a be h(x). What is the greatest common divisor of 8 and a?
8
Let v(n) = -n**2 + n + 2. Let g